-16 = -3*u + u. Calculate the greatest common divisor of b and u.
8
Let l = -26 + 37. Calculate the highest common factor of l and 88.
11
Suppose 6*j - 102 = 762. What is the greatest common factor of j and 16?
16
Let n(s) = s**3 - 7*s**2 - 7*s + 8. Let k be n(8). Let g = 22 - k. Let z be 2/(-4)*-4 + 1. What is the greatest common divisor of z and g?
3
Let a(r) = r**2 + 9*r + 12. Let s = 1 - 2. Let t = s + -9. Let m be a(t). Calculate the highest common factor of m and 11.
11
Let a(u) = -9 + 0 + 2*u - 5*u. Let m be a(-13). What is the greatest common factor of m and 75?
15
Suppose 0 = -12*g + 16*g - 360. What is the highest common divisor of g and 18?
18
Suppose 0 = 15*v - 26*v + 220. What is the highest common divisor of v and 220?
20
Let x(j) = 2*j**3 - 4*j**2 + 3*j - 4. Let w be x(4). Let k(i) = -i**2 - 9*i + 8. Let u be k(-9). What is the greatest common divisor of w and u?
8
Let j = -8 + 10. Suppose 194 = 5*g + 2*w, j*w + 78 = g + 32. Calculate the greatest common divisor of g and 8.
8
Let r be 3/((-345)/(-300) + 4/(-10)). Calculate the greatest common divisor of 2 and r.
2
Let u(v) be the first derivative of v**4/2 + v**3 - v**2 + 3*v - 5. Let f be u(2). Calculate the highest common divisor of 9 and f.
9
Let j(s) = -s**3 + 8*s**2 - 4*s - 3. Let v(m) = -m**2 - 14*m - 17. Let t be v(-12). Let z be j(t). What is the greatest common divisor of 54 and z?
18
Suppose -3*q - m = -185, -42 - 190 = -4*q - 5*m. Suppose 5*k = 5*l + 56 - 1, -5*l = k + 13. Calculate the greatest common divisor of q and k.
7
Let p(c) = -c - c**2 + 0*c**2 - 10*c. Let b be p(-5). Let j be 58/5 + (-4)/(-10). What is the greatest common divisor of j and b?
6
Let l be -5 - 5/2*-14. What is the highest common divisor of l and 12?
6
Suppose -3*f = 2*f. Let v be 1 - (f/(-3) + -38). Calculate the greatest common factor of 26 and v.
13
Let c be (-3)/((-3)/(9*10)). What is the greatest common divisor of 36 and c?
18
Suppose 5*j - 2*p - 482 = 0, -3*j = -0*j + 3*p - 306. Let y = 40 - 17. Let h = -9 + y. Calculate the greatest common factor of j and h.
14
Let r = -3 + 5. Suppose m + 3*m + 3*y = 8, r*m = 2*y + 18. Suppose i = -3*s + 2, -m*i + 3*s = -3*i - 4. What is the highest common factor of 14 and i?
2
Suppose 0 = 3*g - z - 9 - 5, 28 = 5*g + 3*z. Calculate the highest common factor of 20 and g.
5
Let j = -26 - 14. Let l be -2 - 2*(340/(-8) - 1). Let i = j + l. Calculate the greatest common divisor of 5 and i.
5
Let f be (-14)/(((-5)/4)/(-5)). Let m be (-2050)/(-16) - (-7)/f. Calculate the highest common divisor of m and 16.
16
Let z = 97 - 52. What is the highest common divisor of 18 and z?
9
Suppose 5*g - 7*g = -4. Suppose 0 = -0*a - 5*a - 3*f, -5*a - g*f + 5 = 0. What is the highest common divisor of 24 and a?
3
Let o be 3/3*-2 - (8 - 46). What is the greatest common factor of o and 36?
36
Suppose 8*i = 6*i + 48. Calculate the highest common factor of i and 3.
3
Let w(u) = 4*u**2 - 2*u - 3. Let t be w(-1). What is the highest common factor of t and 33?
3
Suppose 14 + 0 = 3*q + m, 0 = -2*q - 5*m + 18. Suppose -15 - 37 = -q*b. Let n(j) = 27*j**2 - j. Let g be n(1). What is the highest common divisor of b and g?
13
Suppose -5*d + h + 480 = -4*h, 3*h = 0. Let r(m) = 6*m. Let g be r(2). Calculate the highest common divisor of d and g.
12
Suppose -f = 2*f - 39. What is the greatest common factor of 65 and f?
13
Let o be (102/(-136))/((-3)/8). Calculate the greatest common factor of o and 6.
2
Suppose 2*m = -m + 9. Let j(c) = 9*c - 3*c + m*c. Let q be j(2). What is the greatest common divisor of 9 and q?
9
Let a(z) = z**2 + z + 5. Let n be a(-5). Calculate the highest common factor of n and 10.
5
Let j be (10/25)/(1/(-635)). Let h = -121 - j. What is the greatest common factor of h and 19?
19
Suppose -12 = -10*z + 7*z. Suppose -z*r = 1 - 13. Calculate the highest common factor of 33 and r.
3
Suppose 7 = -3*m - 2. Let o be (1/m)/(2/(-30)). Suppose o*a = 2*a + 48. What is the highest common factor of a and 128?
16
Let o be (-31)/(-5) - (-3)/(-15). Suppose a - o = -3. Suppose -116 = -a*h - 44. What is the highest common divisor of h and 36?
12
Suppose -3*u + 3*h + 116 = -h, 155 = 4*u - 5*h. What is the greatest common divisor of u and 8?
8
Let m be (-8)/(-6)*(0 + 12). Let j(p) = -10*p. Let a be j(-8). What is the highest common divisor of a and m?
16
Let p = 35 - 24. Let k be (-2)/(-8)*0 + 15. Suppose -59 = -v - k. What is the greatest common factor of p and v?
11
Suppose 0*g = -5*m + 2*g + 60, 3*m = 3*g + 36. Suppose a = 3*r + 2*r - 15, 2*r + m = 4*a. What is the highest common factor of r and 36?
4
Suppose 1 = -5*t + y - 3, 16 = -5*t + 4*y. Suppose 4*b + 4 = -3*k, t*k - 4*b - 8 = 2*k. Calculate the greatest common divisor of 2 and k.
2
Let x(q) = q**3 - q**2 - 3. Let o be x(4). What is the greatest common factor of 5 and o?
5
Suppose -3 + 21 = 3*a. Let g = -46 - -76. Calculate the highest common factor of g and a.
6
Suppose -2*b + 12 = a, 5*a + 0*b = b + 5. Suppose 2*c + a*c = 12. Calculate the highest common divisor of c and 2.
1
Let x be (-36 + 3 + -2)*27/(-15). Let k = 6 - 12. Let v be 28/(-6)*k/4. What is the greatest common divisor of x and v?
7
Let g = -33 - 27. Let w = g + 90. Suppose 0 = -5*k + 71 + 154. Calculate the highest common divisor of w and k.
15
Let s = 17 + -33. Suppose -5*q + 5*y = 24 + 41, -q + 2*y - 17 = 0. Let z = q - s. What is the greatest common divisor of 63 and z?
7
Let r(u) = -2*u + 136. Let h be r(0). Calculate the highest common factor of 17 and h.
17
Suppose -5*g + 45 = -35. Let t be ((-20)/3)/((-2)/3). Let h be t/(-15) + (-386)/(-3). What is the highest common factor of h and g?
16
Let g(k) = k**2 - 10*k + 12. Let p be g(10). What is the greatest common factor of p and 24?
12
Let p be (25/(-2))/(5/(-10)). Let t(z) = -z**3 + 5*z**2 + 8*z - 7. Let k be t(6). Calculate the highest common divisor of k and p.
5
Let x = -38 - -41. Let u(j) = j**3 - j**2 + 1. Let q be u(-1). Let p be ((-4)/q)/(4 + -2). What is the highest common factor of p and x?
1
Suppose 2*p - p = 30. What is the highest common factor of p and 15?
15
Let u(l) = -5*l + 1. Let o = 0 + -1. Let a be u(o). Suppose 2*t - 4*t = z - 6, 3*t - 14 = -4*z. What is the greatest common divisor of a and z?
2
Let s = -13 + 25. What is the greatest common divisor of 6 and s?
6
Suppose 0*i = 2*i - 4. Suppose 2*m - 120 = -3*t - i*m, 3*t = -m + 111. Suppose -r - 12 = -2*r. Calculate the greatest common divisor of t and r.
12
Let q(n) = n**3 + 7*n**2 + 5*n - 6. Let m be q(-3). What is the highest common divisor of m and 15?
15
Let o be 1*-1 + (-1)/(-1). Suppose -96 = -2*l - o*l. Let g = 35 - 19. What is the highest common divisor of g and l?
16
Suppose 4 = 3*b - 5*b. Let a be b/(-7) - (-1074)/14. What is the highest common divisor of 7 and a?
7
Let z be (11*5)/((-1)/(-2)). Let k(j) = -j + 5. Let n be (-2 + 3/(-1))*1. Let w be k(n). Calculate the greatest common factor of w and z.
10
Let m be 0 + 3 - 6/(-3). Let i = -4 + m. What is the highest common factor of i and 7?
1
Let u = -2 + 4. Suppose 2*p = -u*p + 252. What is the greatest common divisor of p and 7?
7
Suppose o = -4*c + 216, 4*c + 5*o - 227 = -27. Let d = c + -9. What is the greatest common divisor of d and 69?
23
Let j = -23 - -33. Let i(v) = v**2 - 16*v + 78. Let a be i(14). What is the highest common divisor of a and j?
10
Let x(n) = -n**2 - 22*n + 69. Let m be x(-19). What is the highest common divisor of m and 28?
14
Let g be 80/(-6)*(-2 - 1). Suppose 13*x - 35 = 173. What is the greatest common factor of x and g?
8
Let m = -13 - -29. Let z = 260 - 180. Calculate the highest common factor of z and m.
16
Suppose -d - d = s - 6, 4*s + 2*d - 6 = 0. Suppose 5*x = 2*f - 78, s*f - 3*f = -x - 104. What is the highest common divisor of 51 and f?
17
Let k be -4 + 302*1/2. Suppose 0 = 7*z - 5*z - 42. What is the highest common factor of k and z?
21
Let q be ((-16)/6)/((-4)/30). Suppose 5*u = -q, u = -3*a + 4*u + 60. Calculate the greatest common divisor of 80 and a.
16
Let w = 2 - 0. Let r be (-4)/(-1)*((-9)/(-4) + -2). What is the greatest common divisor of w and r?
1
Let w = -4 - -7. Suppose w*o + o = 64. Calculate the greatest common factor of o and 128.
16
Let d(w) = -w**3 + 4*w**2 + 5*w - 10. Let j = -11 + 15. Let z be d(j). What is the highest co